{"id":1246,"date":"2016-11-21T19:57:58","date_gmt":"2016-11-21T19:57:58","guid":{"rendered":"http:\/\/ibicamp.com\/?post_type=product&#038;p=1246"},"modified":"2022-10-26T18:10:35","modified_gmt":"2022-10-26T18:10:35","slug":"06-bibliologia","status":"publish","type":"product","link":"https:\/\/ibicamp.com\/?product=06-bibliologia","title":{"rendered":"06- Bibliologia"},"content":{"rendered":"<p style=\"text-align: justify;\">Bibliologia \u00e9 a ci\u00eancia da hist\u00f3ria e composi\u00e7\u00e3o dos livros b\u00edblicos. Esta mat\u00e9ria \u00e9 de grande import\u00e2ncia para que o aluno tenha a oportunidade de conhecer o contexto hist\u00f3rico em que foram escritos os livros e todo o processo que culminou na sele\u00e7\u00e3o e composi\u00e7\u00e3o dos livros sagrados.<br \/>\nO objetivo desta mat\u00e9ria \u00e9 analisar doutrinas como: as diversas teorias da inspira\u00e7\u00e3o e os argumentos que comprovam a inspira\u00e7\u00e3o dos escritos b\u00edblicos. O aluno ter\u00e1 condi\u00e7\u00f5es de entender como se deu o processo de forma\u00e7\u00e3o do C\u00e2non do Antigo e do Novo Testamento, al\u00e9m de se tornar apto para fazer uma an\u00e1lise sobre os livros ap\u00f3crifos e os diversos manuscritos, bem como uma s\u00edntese sobre as tradu\u00e7\u00f5es e a hist\u00f3ria da B\u00edblia na l\u00edngua portuguesa.<\/p>\n","protected":false},"excerpt":{"rendered":"<p style=\"text-align: justify;\">Bibliologia \u00e9 a ci\u00eancia da hist\u00f3ria e composi\u00e7\u00e3o dos livros b\u00edblicos. Esta mat\u00e9ria \u00e9 de grande import\u00e2ncia para que o aluno tenha a oportunidade de conhecer o contexto hist\u00f3rico em que foram escritos os livros e todo o processo que culminou na sele\u00e7\u00e3o e composi\u00e7\u00e3o dos livros sagrados.<\/p>\n","protected":false},"featured_media":1351,"comment_status":"closed","ping_status":"closed","template":"","meta":[],"product_cat":[78],"product_tag":[],"_links":{"self":[{"href":"https:\/\/ibicamp.com\/index.php?rest_route=\/wp\/v2\/product\/1246"}],"collection":[{"href":"https:\/\/ibicamp.com\/index.php?rest_route=\/wp\/v2\/product"}],"about":[{"href":"https:\/\/ibicamp.com\/index.php?rest_route=\/wp\/v2\/types\/product"}],"replies":[{"embeddable":true,"href":"https:\/\/ibicamp.com\/index.php?rest_route=%2Fwp%2Fv2%2Fcomments&post=1246"}],"version-history":[{"count":1,"href":"https:\/\/ibicamp.com\/index.php?rest_route=\/wp\/v2\/product\/1246\/revisions"}],"predecessor-version":[{"id":5397,"href":"https:\/\/ibicamp.com\/index.php?rest_route=\/wp\/v2\/product\/1246\/revisions\/5397"}],"wp:featuredmedia":[{"embeddable":true,"href":"https:\/\/ibicamp.com\/index.php?rest_route=\/wp\/v2\/media\/1351"}],"wp:attachment":[{"href":"https:\/\/ibicamp.com\/index.php?rest_route=%2Fwp%2Fv2%2Fmedia&parent=1246"}],"wp:term":[{"taxonomy":"product_cat","embeddable":true,"href":"https:\/\/ibicamp.com\/index.php?rest_route=%2Fwp%2Fv2%2Fproduct_cat&post=1246"},{"taxonomy":"product_tag","embeddable":true,"href":"https:\/\/ibicamp.com\/index.php?rest_route=%2Fwp%2Fv2%2Fproduct_tag&post=1246"}],"curies":[{"name":"wp","href":"https:\/\/api.w.org\/{rel}","templated":true}]}}