{"id":1264,"date":"2016-11-23T19:39:56","date_gmt":"2016-11-23T19:39:56","guid":{"rendered":"http:\/\/ibicamp.com\/?post_type=product&#038;p=1264"},"modified":"2022-10-26T18:10:37","modified_gmt":"2022-10-26T18:10:37","slug":"10-o-livro-de-atos","status":"publish","type":"product","link":"https:\/\/ibicamp.com\/?product=10-o-livro-de-atos","title":{"rendered":"10- O Livro de Atos"},"content":{"rendered":"<p style=\"text-align: justify;\">O livro de Atos \u00e9 um dos livros mais importantes para a hist\u00f3ria da igreja. Um livro denominado por historiadores da Igreja como \u201cAtos do Esp\u00edrito Santo\u201d. Nesse livro o aluno vai estudar a import\u00e2ncia desse livro, a hist\u00f3ria que antecede os momentos que se origina a Igreja.<br \/>\nO livro abordar\u00e1: A nascente da igreja primitiva em Jerusal\u00e9m, inicio da persegui\u00e7\u00e3o, a convers\u00e3o do ap\u00f3stolo Paulo, a sa\u00edda da igreja de Jerusal\u00e9m, a chegada do Evangelho aos gentios, e as tr\u00eas viagens mission\u00e1rias do ap\u00f3stolo Paulo e os conflitos enfrentados por Ele em sua miss\u00e3o.<br \/>\nEssa mat\u00e9ria tem por objetivo oferecer um panorama geral da Igreja desde os momentos que antecedem sua origem, suas dificuldades no tocante a expans\u00e3o e os problemas internos at\u00e9 a pris\u00e3o do Ap\u00f3stolo Paulo em Roma.<\/p>\n","protected":false},"excerpt":{"rendered":"<p style=\"text-align: justify;\">O livro de Atos \u00e9 um dos livros mais importantes para a hist\u00f3ria da igreja. Um livro denominado por historiadores da Igreja como \u201cAtos do Esp\u00edrito Santo\u201d.<\/p>\n","protected":false},"featured_media":1350,"comment_status":"closed","ping_status":"closed","template":"","meta":[],"product_cat":[78],"product_tag":[],"_links":{"self":[{"href":"https:\/\/ibicamp.com\/index.php?rest_route=\/wp\/v2\/product\/1264"}],"collection":[{"href":"https:\/\/ibicamp.com\/index.php?rest_route=\/wp\/v2\/product"}],"about":[{"href":"https:\/\/ibicamp.com\/index.php?rest_route=\/wp\/v2\/types\/product"}],"replies":[{"embeddable":true,"href":"https:\/\/ibicamp.com\/index.php?rest_route=%2Fwp%2Fv2%2Fcomments&post=1264"}],"version-history":[{"count":1,"href":"https:\/\/ibicamp.com\/index.php?rest_route=\/wp\/v2\/product\/1264\/revisions"}],"predecessor-version":[{"id":5401,"href":"https:\/\/ibicamp.com\/index.php?rest_route=\/wp\/v2\/product\/1264\/revisions\/5401"}],"wp:featuredmedia":[{"embeddable":true,"href":"https:\/\/ibicamp.com\/index.php?rest_route=\/wp\/v2\/media\/1350"}],"wp:attachment":[{"href":"https:\/\/ibicamp.com\/index.php?rest_route=%2Fwp%2Fv2%2Fmedia&parent=1264"}],"wp:term":[{"taxonomy":"product_cat","embeddable":true,"href":"https:\/\/ibicamp.com\/index.php?rest_route=%2Fwp%2Fv2%2Fproduct_cat&post=1264"},{"taxonomy":"product_tag","embeddable":true,"href":"https:\/\/ibicamp.com\/index.php?rest_route=%2Fwp%2Fv2%2Fproduct_tag&post=1264"}],"curies":[{"name":"wp","href":"https:\/\/api.w.org\/{rel}","templated":true}]}}