{"id":1288,"date":"2016-11-24T14:50:24","date_gmt":"2016-11-24T14:50:24","guid":{"rendered":"http:\/\/ibicamp.com\/?post_type=product&#038;p=1288"},"modified":"2022-10-26T18:12:04","modified_gmt":"2022-10-26T18:12:04","slug":"21-epistolas-paulinas-ii","status":"publish","type":"product","link":"https:\/\/ibicamp.com\/?product=21-epistolas-paulinas-ii","title":{"rendered":"21-Ep\u00edstolas Paulinas II"},"content":{"rendered":"<p style=\"text-align: justify;\">EP\u00cdSTOLAS PAULINAS II &#8211; compreende as cartas conhecidas como \u201cEp\u00edstolas da Pris\u00e3o\u201d. Foram escritas durante o per\u00edodo que o ap\u00f3stolo esteve sob a guarda do imp\u00e9rio Romano. EF\u00c9SIOS \u00e9 uma das cartas de conte\u00fado com maior complexidade teol\u00f3gica. FILIPENSES mostra a profundidade da amizade entre o ap\u00f3stolo e a igreja. COLOSSENSES, tem um conte\u00fado excepcional e altamente teol\u00f3gico. 1\u00aa E 2\u00aa TESSALONICENSES, escritas para uma igreja perseguida. 1\u00aa, 2\u00aa TIM\u00d3TEO e TITO, s\u00e3o cartas denominadas \u201cpastorais\u201d, por fornecer orienta\u00e7\u00f5es \u00e0 lideran\u00e7a. FILEMOM \u00e9 uma carta que tem um car\u00e1ter pessoal que leva o nome do destinat\u00e1rio. Essa mat\u00e9ria visa auxiliar o aluno a compreender o desenvolvimento da igreja primitiva, sua expans\u00e3o, conflitos e lutas para manter sua \u00e9tica no seu per\u00edodo apost\u00f3lico.<\/p>\n","protected":false},"excerpt":{"rendered":"<p style=\"text-align: justify;\">EP\u00cdSTOLAS PAULINAS II &#8211; compreende as cartas conhecidas como \u201cEp\u00edstolas da Pris\u00e3o\u201d. Foram escritas durante o per\u00edodo que o ap\u00f3stolo esteve sob a guarda do imp\u00e9rio Romano.<\/p>\n","protected":false},"featured_media":1358,"comment_status":"closed","ping_status":"closed","template":"","meta":[],"product_cat":[78],"product_tag":[],"_links":{"self":[{"href":"https:\/\/ibicamp.com\/index.php?rest_route=\/wp\/v2\/product\/1288"}],"collection":[{"href":"https:\/\/ibicamp.com\/index.php?rest_route=\/wp\/v2\/product"}],"about":[{"href":"https:\/\/ibicamp.com\/index.php?rest_route=\/wp\/v2\/types\/product"}],"replies":[{"embeddable":true,"href":"https:\/\/ibicamp.com\/index.php?rest_route=%2Fwp%2Fv2%2Fcomments&post=1288"}],"version-history":[{"count":2,"href":"https:\/\/ibicamp.com\/index.php?rest_route=\/wp\/v2\/product\/1288\/revisions"}],"predecessor-version":[{"id":5412,"href":"https:\/\/ibicamp.com\/index.php?rest_route=\/wp\/v2\/product\/1288\/revisions\/5412"}],"wp:featuredmedia":[{"embeddable":true,"href":"https:\/\/ibicamp.com\/index.php?rest_route=\/wp\/v2\/media\/1358"}],"wp:attachment":[{"href":"https:\/\/ibicamp.com\/index.php?rest_route=%2Fwp%2Fv2%2Fmedia&parent=1288"}],"wp:term":[{"taxonomy":"product_cat","embeddable":true,"href":"https:\/\/ibicamp.com\/index.php?rest_route=%2Fwp%2Fv2%2Fproduct_cat&post=1288"},{"taxonomy":"product_tag","embeddable":true,"href":"https:\/\/ibicamp.com\/index.php?rest_route=%2Fwp%2Fv2%2Fproduct_tag&post=1288"}],"curies":[{"name":"wp","href":"https:\/\/api.w.org\/{rel}","templated":true}]}}