{"id":1290,"date":"2016-11-24T15:01:08","date_gmt":"2016-11-24T15:01:08","guid":{"rendered":"http:\/\/ibicamp.com\/?post_type=product&#038;p=1290"},"modified":"2022-10-26T18:12:04","modified_gmt":"2022-10-26T18:12:04","slug":"22-epistolas-paulinas-iii","status":"publish","type":"product","link":"https:\/\/ibicamp.com\/?product=22-epistolas-paulinas-iii","title":{"rendered":"22-Ep\u00edstolas Paulinas III"},"content":{"rendered":"<p style=\"text-align: justify;\">Ep\u00edstolas Paulinas III \u00e9 o nome dado, em nossa grade curricular, \u00e0s duas primeiras cartas que o ap\u00f3stolo Paulo escreveu por volta de 55-56 d.C. e que foram direcionadas \u00e0 Igreja, situada na cidade de Corinto. Esta era uma cidade portu\u00e1ria, que recebia viajantes de todo o mundo na \u00e9poca. Esse privil\u00e9gio, o de ser uma cidade geograficamente bem situada, apresentava algumas implica\u00e7\u00f5es, visto que havia uma pluralidade de culturas e costumes influenciando alguns comportamentos doutrin\u00e1rios, morais e \u00e9ticos na regi\u00e3o. Nestas cartas, o ap\u00f3stolo trava um verdadeiro embate para comprovar a credibilidade de seu apostolado. Tamb\u00e9m t\u00eam elas o objetivo de mostrar que a liberdade crist\u00e3 em seus limites; que a vida crist\u00e3 se manifesta nos relacionamentos com a fam\u00edlia, com a comunidade de f\u00e9, assim como com a adora\u00e7\u00e3o, o servi\u00e7o, a solidariedade e, acima de tudo, que age no mundo oferecendo uma perspectiva de eternidade na ressurrei\u00e7\u00e3o.<\/p>\n","protected":false},"excerpt":{"rendered":"<p style=\"text-align: justify;\">Ep\u00edstolas Paulinas III \u00e9 o nome dado, em nossa grade curricular, \u00e0s duas primeiras cartas que o ap\u00f3stolo Paulo escreveu por volta de 55-56 d.C. e que foram direcionadas \u00e0 Igreja, situada na cidade de Corinto.<\/p>\n","protected":false},"featured_media":0,"comment_status":"closed","ping_status":"closed","template":"","meta":[],"product_cat":[78],"product_tag":[],"_links":{"self":[{"href":"https:\/\/ibicamp.com\/index.php?rest_route=\/wp\/v2\/product\/1290"}],"collection":[{"href":"https:\/\/ibicamp.com\/index.php?rest_route=\/wp\/v2\/product"}],"about":[{"href":"https:\/\/ibicamp.com\/index.php?rest_route=\/wp\/v2\/types\/product"}],"replies":[{"embeddable":true,"href":"https:\/\/ibicamp.com\/index.php?rest_route=%2Fwp%2Fv2%2Fcomments&post=1290"}],"version-history":[{"count":1,"href":"https:\/\/ibicamp.com\/index.php?rest_route=\/wp\/v2\/product\/1290\/revisions"}],"predecessor-version":[{"id":5413,"href":"https:\/\/ibicamp.com\/index.php?rest_route=\/wp\/v2\/product\/1290\/revisions\/5413"}],"wp:attachment":[{"href":"https:\/\/ibicamp.com\/index.php?rest_route=%2Fwp%2Fv2%2Fmedia&parent=1290"}],"wp:term":[{"taxonomy":"product_cat","embeddable":true,"href":"https:\/\/ibicamp.com\/index.php?rest_route=%2Fwp%2Fv2%2Fproduct_cat&post=1290"},{"taxonomy":"product_tag","embeddable":true,"href":"https:\/\/ibicamp.com\/index.php?rest_route=%2Fwp%2Fv2%2Fproduct_tag&post=1290"}],"curies":[{"name":"wp","href":"https:\/\/api.w.org\/{rel}","templated":true}]}}