{"id":1300,"date":"2016-11-24T16:24:15","date_gmt":"2016-11-24T16:24:15","guid":{"rendered":"http:\/\/ibicamp.com\/?post_type=product&#038;p=1300"},"modified":"2022-10-26T18:13:11","modified_gmt":"2022-10-26T18:13:11","slug":"26-religioes-e-crencas","status":"publish","type":"product","link":"https:\/\/ibicamp.com\/?product=26-religioes-e-crencas","title":{"rendered":"26- Religi\u00f5es e Cren\u00e7as"},"content":{"rendered":"<p style=\"text-align: justify;\">Religi\u00f5es e Cren\u00e7as \u00e9 uma mat\u00e9ria que apresenta como proposta analisar a f\u00e9 crist\u00e3 diante da diversidade de cren\u00e7as manifesta na atualidade. Estudar as doutrinas crist\u00e3s \u00e9, acima de tudo, obter ferramentas s\u00f3lidas para responder com mansid\u00e3o a todo aquele que quiser saber acerca da esperan\u00e7a que h\u00e1 no crist\u00e3o. Tamb\u00e9m aborda religi\u00f5es que partilham de similaridades com o Cristianismo apost\u00f3lico, al\u00e9m das que s\u00e3o denominadas movimentos filos\u00f3ficos e m\u00edsticos, com seus rituais e dogmas. Religi\u00f5es e Cren\u00e7as \u00e9 fundamental para todos os crist\u00e3os \u2013 tanto para os que atuam na lideran\u00e7a de seus minist\u00e9rios, quanto para os que desejam uma melhor compreens\u00e3o das doutrinas pertinentes a outras religi\u00f5es.<\/p>\n","protected":false},"excerpt":{"rendered":"<p style=\"text-align: justify;\">Religi\u00f5es e Cren\u00e7as \u00e9 uma mat\u00e9ria que apresenta como proposta analisar a f\u00e9 crist\u00e3 diante da diversidade de cren\u00e7as manifesta na atualidade.<\/p>\n","protected":false},"featured_media":1386,"comment_status":"closed","ping_status":"closed","template":"","meta":[],"product_cat":[78],"product_tag":[],"_links":{"self":[{"href":"https:\/\/ibicamp.com\/index.php?rest_route=\/wp\/v2\/product\/1300"}],"collection":[{"href":"https:\/\/ibicamp.com\/index.php?rest_route=\/wp\/v2\/product"}],"about":[{"href":"https:\/\/ibicamp.com\/index.php?rest_route=\/wp\/v2\/types\/product"}],"replies":[{"embeddable":true,"href":"https:\/\/ibicamp.com\/index.php?rest_route=%2Fwp%2Fv2%2Fcomments&post=1300"}],"version-history":[{"count":1,"href":"https:\/\/ibicamp.com\/index.php?rest_route=\/wp\/v2\/product\/1300\/revisions"}],"predecessor-version":[{"id":5417,"href":"https:\/\/ibicamp.com\/index.php?rest_route=\/wp\/v2\/product\/1300\/revisions\/5417"}],"wp:featuredmedia":[{"embeddable":true,"href":"https:\/\/ibicamp.com\/index.php?rest_route=\/wp\/v2\/media\/1386"}],"wp:attachment":[{"href":"https:\/\/ibicamp.com\/index.php?rest_route=%2Fwp%2Fv2%2Fmedia&parent=1300"}],"wp:term":[{"taxonomy":"product_cat","embeddable":true,"href":"https:\/\/ibicamp.com\/index.php?rest_route=%2Fwp%2Fv2%2Fproduct_cat&post=1300"},{"taxonomy":"product_tag","embeddable":true,"href":"https:\/\/ibicamp.com\/index.php?rest_route=%2Fwp%2Fv2%2Fproduct_tag&post=1300"}],"curies":[{"name":"wp","href":"https:\/\/api.w.org\/{rel}","templated":true}]}}