{"id":1310,"date":"2016-11-24T16:43:00","date_gmt":"2016-11-24T16:43:00","guid":{"rendered":"http:\/\/ibicamp.com\/?post_type=product&#038;p=1310"},"modified":"2022-10-26T18:13:13","modified_gmt":"2022-10-26T18:13:13","slug":"31-teologia-do-obreiro","status":"publish","type":"product","link":"https:\/\/ibicamp.com\/?product=31-teologia-do-obreiro","title":{"rendered":"31- Teologia do Obreiro"},"content":{"rendered":"<p style=\"text-align: justify;\">O Minist\u00e9rio Crist\u00e3o \u00e9 um assunto t\u00e3o s\u00e9rio, que Jesus orienta seus obreiros a que roguem ao Senhor para que mande trabalhadores para a Sua Seara. O ap\u00f3stolo Paulo adverte para que n\u00e3o haja imposi\u00e7\u00e3o de m\u00e3os precipitadamente e que o obreiro seja apto para a obra. Ao longo deste estudo, veremos que o Minist\u00e9rio Crist\u00e3o \u00e9 um aut\u00eantico dom de Deus \u00e0 Sua igreja. Isto \u00e9 poss\u00edvel ser compreendido quando conhecemos as bases b\u00edblicas da chamada ministerial e aquilo que Deus ordenou aos Seus, deve, diferenciar, em muito, de uma pessoa que tem o simples desejo de fazer a obra.<\/p>\n","protected":false},"excerpt":{"rendered":"<p style=\"text-align: justify;\">Ao longo deste estudo, veremos que o Minist\u00e9rio Crist\u00e3o \u00e9 um aut\u00eantico dom de Deus \u00e0 Sua igreja.<\/p>\n","protected":false},"featured_media":1377,"comment_status":"closed","ping_status":"closed","template":"","meta":[],"product_cat":[78],"product_tag":[],"_links":{"self":[{"href":"https:\/\/ibicamp.com\/index.php?rest_route=\/wp\/v2\/product\/1310"}],"collection":[{"href":"https:\/\/ibicamp.com\/index.php?rest_route=\/wp\/v2\/product"}],"about":[{"href":"https:\/\/ibicamp.com\/index.php?rest_route=\/wp\/v2\/types\/product"}],"replies":[{"embeddable":true,"href":"https:\/\/ibicamp.com\/index.php?rest_route=%2Fwp%2Fv2%2Fcomments&post=1310"}],"version-history":[{"count":1,"href":"https:\/\/ibicamp.com\/index.php?rest_route=\/wp\/v2\/product\/1310\/revisions"}],"predecessor-version":[{"id":5422,"href":"https:\/\/ibicamp.com\/index.php?rest_route=\/wp\/v2\/product\/1310\/revisions\/5422"}],"wp:featuredmedia":[{"embeddable":true,"href":"https:\/\/ibicamp.com\/index.php?rest_route=\/wp\/v2\/media\/1377"}],"wp:attachment":[{"href":"https:\/\/ibicamp.com\/index.php?rest_route=%2Fwp%2Fv2%2Fmedia&parent=1310"}],"wp:term":[{"taxonomy":"product_cat","embeddable":true,"href":"https:\/\/ibicamp.com\/index.php?rest_route=%2Fwp%2Fv2%2Fproduct_cat&post=1310"},{"taxonomy":"product_tag","embeddable":true,"href":"https:\/\/ibicamp.com\/index.php?rest_route=%2Fwp%2Fv2%2Fproduct_tag&post=1310"}],"curies":[{"name":"wp","href":"https:\/\/api.w.org\/{rel}","templated":true}]}}