{"id":1317,"date":"2016-11-24T17:37:36","date_gmt":"2016-11-24T17:37:36","guid":{"rendered":"http:\/\/ibicamp.com\/?post_type=product&#038;p=1317"},"modified":"2016-12-07T15:14:39","modified_gmt":"2016-12-07T15:14:39","slug":"02-doutrina-do-espirito-santo-2","status":"publish","type":"product","link":"https:\/\/ibicamp.com\/?product=02-doutrina-do-espirito-santo-2","title":{"rendered":"02- Doutrina do Esp\u00edrito Santo"},"content":{"rendered":"<p style=\"text-align: justify;\">A Pneumatologia, ou Doutrina do Esp\u00edrito Santo, \u00e9 uma mat\u00e9ria de grande import\u00e2ncia no contexto da f\u00e9 crist\u00e3 por tratar da terceira pessoa da Trindade atuante nas Escrituras Sagradas, agente direto no nascimento, vida, morte e ressurrei\u00e7\u00e3o de Cristo.<br \/>\nA presente disciplina busca elucidar os temas centrais da terceira pessoa da Trindade, abordando temas como: Sua divindade, atributos, personalidade, s\u00edmbolos, batismo, dons, atividade na salva\u00e7\u00e3o do homem e Sua atua\u00e7\u00e3o na condu\u00e7\u00e3o da Igreja na face da terra e em adventos como o arrebatamento e o mil\u00eanio.<span style=\"font-family: Arial;\"><span style=\"font-size: small;\"><br \/>\n<\/span><\/span><\/p>\n","protected":false},"excerpt":{"rendered":"<p style=\"text-align: justify;\">A Pneumatologia, ou Doutrina do Esp\u00edrito Santo, \u00e9 uma mat\u00e9ria de grande import\u00e2ncia no contexto da f\u00e9 crist\u00e3 por tratar da terceira pessoa da Trindade atuante nas Escrituras Sagradas, agente direto no nascimento, vida, morte e ressurrei\u00e7\u00e3o de Cristo.<\/p>\n","protected":false},"featured_media":1392,"comment_status":"closed","ping_status":"closed","template":"","meta":[],"product_cat":[63],"product_tag":[],"_links":{"self":[{"href":"https:\/\/ibicamp.com\/index.php?rest_route=\/wp\/v2\/product\/1317"}],"collection":[{"href":"https:\/\/ibicamp.com\/index.php?rest_route=\/wp\/v2\/product"}],"about":[{"href":"https:\/\/ibicamp.com\/index.php?rest_route=\/wp\/v2\/types\/product"}],"replies":[{"embeddable":true,"href":"https:\/\/ibicamp.com\/index.php?rest_route=%2Fwp%2Fv2%2Fcomments&post=1317"}],"version-history":[{"count":0,"href":"https:\/\/ibicamp.com\/index.php?rest_route=\/wp\/v2\/product\/1317\/revisions"}],"wp:featuredmedia":[{"embeddable":true,"href":"https:\/\/ibicamp.com\/index.php?rest_route=\/wp\/v2\/media\/1392"}],"wp:attachment":[{"href":"https:\/\/ibicamp.com\/index.php?rest_route=%2Fwp%2Fv2%2Fmedia&parent=1317"}],"wp:term":[{"taxonomy":"product_cat","embeddable":true,"href":"https:\/\/ibicamp.com\/index.php?rest_route=%2Fwp%2Fv2%2Fproduct_cat&post=1317"},{"taxonomy":"product_tag","embeddable":true,"href":"https:\/\/ibicamp.com\/index.php?rest_route=%2Fwp%2Fv2%2Fproduct_tag&post=1317"}],"curies":[{"name":"wp","href":"https:\/\/api.w.org\/{rel}","templated":true}]}}