{"id":1318,"date":"2016-11-24T17:39:59","date_gmt":"2016-11-24T17:39:59","guid":{"rendered":"http:\/\/ibicamp.com\/?post_type=product&#038;p=1318"},"modified":"2016-12-07T14:21:02","modified_gmt":"2016-12-07T14:21:02","slug":"05-cristologia-2","status":"publish","type":"product","link":"https:\/\/ibicamp.com\/?product=05-cristologia-2","title":{"rendered":"05- Cristologia"},"content":{"rendered":"<p style=\"text-align: justify;\">O que estuda a Cristologia? O pr\u00f3prio nome j\u00e1 identifica como sendo estudar a respeito da pessoa de Cristo, Sua natureza e divindade, e responder a quest\u00f5es relacionadas \u00e0 natureza divino-humana em Sua pessoa.<br \/>\nEsta mat\u00e9ria procura levar ao aluno um conhecimento amplo sobre a vida de Cristo no contexto pol\u00edtico, social e religioso de Sua \u00e9poca. Ao conclu\u00ed-la, o aluno ter\u00e1 condi\u00e7\u00f5es de fazer uma an\u00e1lise sobre as profecias do Antigo Testamento que apontavam para Cristo como o Messias, assim como os of\u00edcios por Ele exercidos presentes no Novo Testamento.<br \/>\nA disciplina apresenta ainda uma reflex\u00e3o sobre as doutrinas da encarna\u00e7\u00e3o, nascimento, vida, minist\u00e9rio, humilha\u00e7\u00e3o, morte, ressurrei\u00e7\u00e3o e glorifica\u00e7\u00e3o de Cristo Jesus.<span style=\"font-family: Arial;\"><span style=\"font-size: small;\"><br \/>\n<\/span><\/span><\/p>\n","protected":false},"excerpt":{"rendered":"<p style=\"text-align: justify;\">O que estuda a Cristologia? O pr\u00f3prio nome j\u00e1 identifica como sendo estudar a respeito da pessoa de Cristo, Sua natureza e divindade, e responder a quest\u00f5es relacionadas \u00e0 natureza divino-humana em Sua pessoa.<\/p>\n","protected":false},"featured_media":987,"comment_status":"closed","ping_status":"closed","template":"","meta":[],"product_cat":[103],"product_tag":[],"_links":{"self":[{"href":"https:\/\/ibicamp.com\/index.php?rest_route=\/wp\/v2\/product\/1318"}],"collection":[{"href":"https:\/\/ibicamp.com\/index.php?rest_route=\/wp\/v2\/product"}],"about":[{"href":"https:\/\/ibicamp.com\/index.php?rest_route=\/wp\/v2\/types\/product"}],"replies":[{"embeddable":true,"href":"https:\/\/ibicamp.com\/index.php?rest_route=%2Fwp%2Fv2%2Fcomments&post=1318"}],"version-history":[{"count":0,"href":"https:\/\/ibicamp.com\/index.php?rest_route=\/wp\/v2\/product\/1318\/revisions"}],"wp:featuredmedia":[{"embeddable":true,"href":"https:\/\/ibicamp.com\/index.php?rest_route=\/wp\/v2\/media\/987"}],"wp:attachment":[{"href":"https:\/\/ibicamp.com\/index.php?rest_route=%2Fwp%2Fv2%2Fmedia&parent=1318"}],"wp:term":[{"taxonomy":"product_cat","embeddable":true,"href":"https:\/\/ibicamp.com\/index.php?rest_route=%2Fwp%2Fv2%2Fproduct_cat&post=1318"},{"taxonomy":"product_tag","embeddable":true,"href":"https:\/\/ibicamp.com\/index.php?rest_route=%2Fwp%2Fv2%2Fproduct_tag&post=1318"}],"curies":[{"name":"wp","href":"https:\/\/api.w.org\/{rel}","templated":true}]}}