{"id":1338,"date":"2016-11-25T13:04:42","date_gmt":"2016-11-25T13:04:42","guid":{"rendered":"http:\/\/ibicamp.com\/?post_type=product&#038;p=1338"},"modified":"2016-12-07T14:03:29","modified_gmt":"2016-12-07T14:03:29","slug":"23-profetas-menores-2","status":"publish","type":"product","link":"https:\/\/ibicamp.com\/?product=23-profetas-menores-2","title":{"rendered":"23- Profetas Menores"},"content":{"rendered":"<p style=\"text-align: justify;\">Profetas Menores \u00e9 uma mat\u00e9ria que estuda um per\u00edodo de advert\u00eancia \u00e0 na\u00e7\u00e3o de Israel numa fase de decad\u00eancia espiritual e moral. Esses profetas s\u00e3o chamados de Profetas Menores devido ao tempo do seu minist\u00e9rio ser de curta dura\u00e7\u00e3o. O minist\u00e9rio desses profetas \u00e9 dividido em dois per\u00edodos &#8211; antes do cativeiro &#8211; quando advertiram sobre as consequ\u00eancias da idolatria e depois do cativeiro &#8211; quando exortaram a reconstruir o templo e renovar sua alian\u00e7a com o Senhor. Profetas Menores tem o objetivo de situar o aluno dentro de um per\u00edodo cr\u00edtico da hist\u00f3ria, quando Deus deixa grandes li\u00e7\u00f5es para Seu povo em todos os tempos.<\/p>\n","protected":false},"excerpt":{"rendered":"<p style=\"text-align: justify;\">Profetas Menores \u00e9 uma mat\u00e9ria que estuda um per\u00edodo de advert\u00eancia \u00e0 na\u00e7\u00e3o de Israel numa fase de decad\u00eancia espiritual e moral. Esses profetas s\u00e3o chamados de Profetas Menores devido ao tempo do seu minist\u00e9rio ser de curta dura\u00e7\u00e3o.<\/p>\n","protected":false},"featured_media":1373,"comment_status":"closed","ping_status":"closed","template":"","meta":[],"product_cat":[63],"product_tag":[],"_links":{"self":[{"href":"https:\/\/ibicamp.com\/index.php?rest_route=\/wp\/v2\/product\/1338"}],"collection":[{"href":"https:\/\/ibicamp.com\/index.php?rest_route=\/wp\/v2\/product"}],"about":[{"href":"https:\/\/ibicamp.com\/index.php?rest_route=\/wp\/v2\/types\/product"}],"replies":[{"embeddable":true,"href":"https:\/\/ibicamp.com\/index.php?rest_route=%2Fwp%2Fv2%2Fcomments&post=1338"}],"version-history":[{"count":0,"href":"https:\/\/ibicamp.com\/index.php?rest_route=\/wp\/v2\/product\/1338\/revisions"}],"wp:featuredmedia":[{"embeddable":true,"href":"https:\/\/ibicamp.com\/index.php?rest_route=\/wp\/v2\/media\/1373"}],"wp:attachment":[{"href":"https:\/\/ibicamp.com\/index.php?rest_route=%2Fwp%2Fv2%2Fmedia&parent=1338"}],"wp:term":[{"taxonomy":"product_cat","embeddable":true,"href":"https:\/\/ibicamp.com\/index.php?rest_route=%2Fwp%2Fv2%2Fproduct_cat&post=1338"},{"taxonomy":"product_tag","embeddable":true,"href":"https:\/\/ibicamp.com\/index.php?rest_route=%2Fwp%2Fv2%2Fproduct_tag&post=1338"}],"curies":[{"name":"wp","href":"https:\/\/api.w.org\/{rel}","templated":true}]}}