{"id":1412,"date":"2016-12-09T15:20:16","date_gmt":"2016-12-09T15:20:16","guid":{"rendered":"http:\/\/ibicamp.com\/?post_type=product&#038;p=1412"},"modified":"2016-12-22T15:31:40","modified_gmt":"2016-12-22T15:31:40","slug":"3-exegese-biblica","status":"publish","type":"product","link":"https:\/\/ibicamp.com\/?product=3-exegese-biblica","title":{"rendered":"3- EXEGESE B\u00cdBLICA"},"content":{"rendered":"<p style=\"text-align: justify;\">Exegese \u00e9 um termo que vem do grego: \u201cexegeomai, Exegesis\u201d. O sentido \u00e9 retirar, extrair, externar ou expor. Essa mat\u00e9ria tem por objetivo fornecer ao estudante uma estrutura b\u00e1sica para interpretar o texto b\u00edblico, no seu sentido mais pr\u00f3ximo do escrito original.<br \/>\nExegese B\u00edblica proporcionar\u00e1 ao estudante fazer uma an\u00e1lise gramatical, L\u00e9xico-sint\u00e1tica, consultar a B\u00edblia nos textos originais, bem como comparar as tradu\u00e7\u00f5es em nossa l\u00edngua e poder fazer op\u00e7\u00e3o sobre qual tradu\u00e7\u00e3o ficou melhor, dentro do contexto cultural, liter\u00e1rio e gramatical.<br \/>\nEssa mat\u00e9ria \u00e9 indispens\u00e1vel a todos que querem estudar e ministrar a Palavra de Deus com maior conhecimento e profundidade.<\/p>\n","protected":false},"excerpt":{"rendered":"<p style=\"text-align: justify;\">Exegese \u00e9 um termo que vem do grego: \u201cexegeomai, Exegesis\u201d. O sentido \u00e9 retirar, extrair, externar ou expor. Essa mat\u00e9ria tem por objetivo fornecer ao estudante uma estrutura b\u00e1sica para interpretar o texto b\u00edblico, no seu sentido mais pr\u00f3ximo do escrito original.<\/p>\n","protected":false},"featured_media":1450,"comment_status":"closed","ping_status":"closed","template":"","meta":[],"product_cat":[81],"product_tag":[],"_links":{"self":[{"href":"https:\/\/ibicamp.com\/index.php?rest_route=\/wp\/v2\/product\/1412"}],"collection":[{"href":"https:\/\/ibicamp.com\/index.php?rest_route=\/wp\/v2\/product"}],"about":[{"href":"https:\/\/ibicamp.com\/index.php?rest_route=\/wp\/v2\/types\/product"}],"replies":[{"embeddable":true,"href":"https:\/\/ibicamp.com\/index.php?rest_route=%2Fwp%2Fv2%2Fcomments&post=1412"}],"version-history":[{"count":0,"href":"https:\/\/ibicamp.com\/index.php?rest_route=\/wp\/v2\/product\/1412\/revisions"}],"wp:featuredmedia":[{"embeddable":true,"href":"https:\/\/ibicamp.com\/index.php?rest_route=\/wp\/v2\/media\/1450"}],"wp:attachment":[{"href":"https:\/\/ibicamp.com\/index.php?rest_route=%2Fwp%2Fv2%2Fmedia&parent=1412"}],"wp:term":[{"taxonomy":"product_cat","embeddable":true,"href":"https:\/\/ibicamp.com\/index.php?rest_route=%2Fwp%2Fv2%2Fproduct_cat&post=1412"},{"taxonomy":"product_tag","embeddable":true,"href":"https:\/\/ibicamp.com\/index.php?rest_route=%2Fwp%2Fv2%2Fproduct_tag&post=1412"}],"curies":[{"name":"wp","href":"https:\/\/api.w.org\/{rel}","templated":true}]}}