{"id":1419,"date":"2016-12-09T15:46:41","date_gmt":"2016-12-09T15:46:41","guid":{"rendered":"http:\/\/ibicamp.com\/?post_type=product&#038;p=1419"},"modified":"2016-12-22T15:14:14","modified_gmt":"2016-12-22T15:14:14","slug":"5-lideranca-crista","status":"publish","type":"product","link":"https:\/\/ibicamp.com\/?product=5-lideranca-crista","title":{"rendered":"5- LIDERAN\u00c7A CRIST\u00c3"},"content":{"rendered":"<p style=\"text-align: justify;\">Lideran\u00e7a \u00e9 um dos temas mais escritos na modernidade. \u00c9 imprescind\u00edvel no minist\u00e9rio crist\u00e3o, afinal, trabalhar com as diversidades de pessoas na igreja requer habilidade daquele que j\u00e1 tem a voca\u00e7\u00e3o. Esse livro apresenta diversos modelos de lideran\u00e7a, extraindo o que h\u00e1 de positivo em cada sistema e contrastando com o modelo supremo que \u00e9 a lideran\u00e7a de Cristo. Essa mat\u00e9ria apresenta ao l\u00edder a instrumentaliza\u00e7\u00e3o atrav\u00e9s dos princ\u00edpios crist\u00e3os, para que obtenha \u00eaxito no seu minist\u00e9rio.<br \/>\nO l\u00edder ter\u00e1 orienta\u00e7\u00e3o de como desenvolver o seu minist\u00e9rio, administrando diversas \u00e1reas da sua vida, definindo prioridades, estabelecendo alvos e lidando com os valores \u00e9ticos e morais. O prop\u00f3sito \u00e9 ajudar o l\u00edder a exercer um minist\u00e9rio provado e aprovado por Deus!<\/p>\n","protected":false},"excerpt":{"rendered":"<p style=\"text-align: justify;\">Lideran\u00e7a \u00e9 um dos temas mais escritos na modernidade. \u00c9 imprescind\u00edvel no minist\u00e9rio crist\u00e3o, afinal, trabalhar com as diversidades de pessoas na igreja requer habilidade daquele que j\u00e1 tem a voca\u00e7\u00e3o. Esse livro apresenta diversos modelos de lideran\u00e7a, extraindo o que h\u00e1 de positivo em cada sistema e contrastando com o modelo supremo que \u00e9 a lideran\u00e7a de Cristo.<\/p>\n","protected":false},"featured_media":1631,"comment_status":"open","ping_status":"closed","template":"","meta":[],"product_cat":[81],"product_tag":[],"_links":{"self":[{"href":"https:\/\/ibicamp.com\/index.php?rest_route=\/wp\/v2\/product\/1419"}],"collection":[{"href":"https:\/\/ibicamp.com\/index.php?rest_route=\/wp\/v2\/product"}],"about":[{"href":"https:\/\/ibicamp.com\/index.php?rest_route=\/wp\/v2\/types\/product"}],"replies":[{"embeddable":true,"href":"https:\/\/ibicamp.com\/index.php?rest_route=%2Fwp%2Fv2%2Fcomments&post=1419"}],"version-history":[{"count":0,"href":"https:\/\/ibicamp.com\/index.php?rest_route=\/wp\/v2\/product\/1419\/revisions"}],"wp:featuredmedia":[{"embeddable":true,"href":"https:\/\/ibicamp.com\/index.php?rest_route=\/wp\/v2\/media\/1631"}],"wp:attachment":[{"href":"https:\/\/ibicamp.com\/index.php?rest_route=%2Fwp%2Fv2%2Fmedia&parent=1419"}],"wp:term":[{"taxonomy":"product_cat","embeddable":true,"href":"https:\/\/ibicamp.com\/index.php?rest_route=%2Fwp%2Fv2%2Fproduct_cat&post=1419"},{"taxonomy":"product_tag","embeddable":true,"href":"https:\/\/ibicamp.com\/index.php?rest_route=%2Fwp%2Fv2%2Fproduct_tag&post=1419"}],"curies":[{"name":"wp","href":"https:\/\/api.w.org\/{rel}","templated":true}]}}