{"id":1425,"date":"2016-12-09T15:55:00","date_gmt":"2016-12-09T15:55:00","guid":{"rendered":"http:\/\/ibicamp.com\/?post_type=product&#038;p=1425"},"modified":"2016-12-22T15:16:47","modified_gmt":"2016-12-22T15:16:47","slug":"8-arqueologia","status":"publish","type":"product","link":"https:\/\/ibicamp.com\/?product=8-arqueologia","title":{"rendered":"8- ARQUEOLOGIA"},"content":{"rendered":"<p style=\"text-align: justify;\">A Arqueologia \u00e9 a ci\u00eancia que investiga o homem e est\u00e1 voltada a descobrir, pesquisar e reconstruir culturas e civiliza\u00e7\u00f5es desaparecidas, atrav\u00e9s de remanescentes de uma \u00e1rea de ocupa\u00e7\u00e3o humana. Aborda temas desde os prim\u00f3rdios da Arqueologia mostrando sua import\u00e2ncia, cultura, pesquisas e escava\u00e7\u00f5es em s\u00edtios arqueol\u00f3gicos.<br \/>\nO objetivo \u00e9 proporcional ao aluno conhecimento sobre os diversos processos de data\u00e7\u00e3o, fazendo uma correla\u00e7\u00e3o entre a Arqueologia e a B\u00edblia ao longo da hist\u00f3ria.<br \/>\nE, tamb\u00e9m, sobre as condi\u00e7\u00f5es geol\u00f3gicas da Terra Santa, e uma s\u00edntese sobre todos os per\u00edodos arqueol\u00f3gicos, da pr\u00e9- hist\u00f3ria ao Novo Testamento, oferecendo ao estudante condi\u00e7\u00f5es para ampliar o conhecimento sobre a credibilidade dos registros das Escrituras.<\/p>\n","protected":false},"excerpt":{"rendered":"<p style=\"text-align: justify;\">A Arqueologia \u00e9 a ci\u00eancia que investiga o homem e est\u00e1 voltada a descobrir, pesquisar e reconstruir culturas e civiliza\u00e7\u00f5es desaparecidas, atrav\u00e9s de remanescentes de uma \u00e1rea de ocupa\u00e7\u00e3o humana. Aborda temas desde os prim\u00f3rdios da Arqueologia mostrando sua import\u00e2ncia, cultura, pesquisas e escava\u00e7\u00f5es em s\u00edtios arqueol\u00f3gicos.<\/p>\n","protected":false},"featured_media":1426,"comment_status":"closed","ping_status":"closed","template":"","meta":[],"product_cat":[81],"product_tag":[],"_links":{"self":[{"href":"https:\/\/ibicamp.com\/index.php?rest_route=\/wp\/v2\/product\/1425"}],"collection":[{"href":"https:\/\/ibicamp.com\/index.php?rest_route=\/wp\/v2\/product"}],"about":[{"href":"https:\/\/ibicamp.com\/index.php?rest_route=\/wp\/v2\/types\/product"}],"replies":[{"embeddable":true,"href":"https:\/\/ibicamp.com\/index.php?rest_route=%2Fwp%2Fv2%2Fcomments&post=1425"}],"version-history":[{"count":1,"href":"https:\/\/ibicamp.com\/index.php?rest_route=\/wp\/v2\/product\/1425\/revisions"}],"predecessor-version":[{"id":1427,"href":"https:\/\/ibicamp.com\/index.php?rest_route=\/wp\/v2\/product\/1425\/revisions\/1427"}],"wp:featuredmedia":[{"embeddable":true,"href":"https:\/\/ibicamp.com\/index.php?rest_route=\/wp\/v2\/media\/1426"}],"wp:attachment":[{"href":"https:\/\/ibicamp.com\/index.php?rest_route=%2Fwp%2Fv2%2Fmedia&parent=1425"}],"wp:term":[{"taxonomy":"product_cat","embeddable":true,"href":"https:\/\/ibicamp.com\/index.php?rest_route=%2Fwp%2Fv2%2Fproduct_cat&post=1425"},{"taxonomy":"product_tag","embeddable":true,"href":"https:\/\/ibicamp.com\/index.php?rest_route=%2Fwp%2Fv2%2Fproduct_tag&post=1425"}],"curies":[{"name":"wp","href":"https:\/\/api.w.org\/{rel}","templated":true}]}}