{"id":1431,"date":"2016-12-09T16:23:24","date_gmt":"2016-12-09T16:23:24","guid":{"rendered":"http:\/\/ibicamp.com\/?post_type=product&#038;p=1431"},"modified":"2016-12-22T15:12:18","modified_gmt":"2016-12-22T15:12:18","slug":"10-teologia-sistematica-ii","status":"publish","type":"product","link":"https:\/\/ibicamp.com\/?product=10-teologia-sistematica-ii","title":{"rendered":"10- TEOLOGIA SISTEM\u00c1TICA II"},"content":{"rendered":"<p style=\"text-align: justify;\">A presente mat\u00e9ria procura mostrar a sistematiza\u00e7\u00e3o das principais doutrinas da f\u00e9 crist\u00e3. A teologia foi elaborada num contexto hist\u00f3rico se preocupando, principalmente, em transmitir a mensagem divina.<br \/>\nDesde os Pais da Igreja, os te\u00f3logos, no af\u00e3 de facilitar sua compreens\u00e3o, elaboraram as doutrinas em resposta a esta necessidade espec\u00edfica. Para entender a raz\u00e3o e a import\u00e2ncia da doutrina da elei\u00e7\u00e3o e predestina\u00e7\u00e3o, bem como a do livre-arb\u00edtrio, faz-se necess\u00e1rio refletir sobre os problemas doutrin\u00e1rios que esses te\u00f3logos vivenciaram.<br \/>\nEsta mat\u00e9ria reflete os pressupostos que est\u00e3o por tr\u00e1s da reflex\u00e3o dos autores, mostrando a rela\u00e7\u00e3o entre a doutrina elaborada e as raz\u00f5es pelas quais elas foram sistematizadas.<br \/>\nDeus, Cristo, igreja, anjos, homem, pecado, salva\u00e7\u00e3o e escatologia s\u00e3o as doutrinas aqui estudadas, tendo em vista o conte\u00fado e as divergentes interpreta\u00e7\u00f5es surgidas ao longo da Hist\u00f3ria, at\u00e9 os dias atuais.<\/p>\n","protected":false},"excerpt":{"rendered":"<p style=\"text-align: justify;\">A presente mat\u00e9ria procura mostrar a sistematiza\u00e7\u00e3o das principais doutrinas da f\u00e9 crist\u00e3. A teologia foi elaborada num contexto hist\u00f3rico se preocupando, principalmente, em transmitir a mensagem divina.<\/p>\n","protected":false},"featured_media":1432,"comment_status":"closed","ping_status":"closed","template":"","meta":[],"product_cat":[81],"product_tag":[],"_links":{"self":[{"href":"https:\/\/ibicamp.com\/index.php?rest_route=\/wp\/v2\/product\/1431"}],"collection":[{"href":"https:\/\/ibicamp.com\/index.php?rest_route=\/wp\/v2\/product"}],"about":[{"href":"https:\/\/ibicamp.com\/index.php?rest_route=\/wp\/v2\/types\/product"}],"replies":[{"embeddable":true,"href":"https:\/\/ibicamp.com\/index.php?rest_route=%2Fwp%2Fv2%2Fcomments&post=1431"}],"version-history":[{"count":0,"href":"https:\/\/ibicamp.com\/index.php?rest_route=\/wp\/v2\/product\/1431\/revisions"}],"wp:featuredmedia":[{"embeddable":true,"href":"https:\/\/ibicamp.com\/index.php?rest_route=\/wp\/v2\/media\/1432"}],"wp:attachment":[{"href":"https:\/\/ibicamp.com\/index.php?rest_route=%2Fwp%2Fv2%2Fmedia&parent=1431"}],"wp:term":[{"taxonomy":"product_cat","embeddable":true,"href":"https:\/\/ibicamp.com\/index.php?rest_route=%2Fwp%2Fv2%2Fproduct_cat&post=1431"},{"taxonomy":"product_tag","embeddable":true,"href":"https:\/\/ibicamp.com\/index.php?rest_route=%2Fwp%2Fv2%2Fproduct_tag&post=1431"}],"curies":[{"name":"wp","href":"https:\/\/api.w.org\/{rel}","templated":true}]}}