{"id":1435,"date":"2016-12-09T16:34:00","date_gmt":"2016-12-09T16:34:00","guid":{"rendered":"http:\/\/ibicamp.com\/?post_type=product&#038;p=1435"},"modified":"2016-12-22T13:55:25","modified_gmt":"2016-12-22T13:55:25","slug":"12-introducao-a-filosofia","status":"publish","type":"product","link":"https:\/\/ibicamp.com\/?product=12-introducao-a-filosofia","title":{"rendered":"12- INTRODU\u00c7\u00c3O \u00c0 FILOSOFIA"},"content":{"rendered":"<p style=\"text-align: justify;\">Qual a import\u00e2ncia da Filosofia Crist\u00e3 para o estudante da B\u00edblia? Uma das respostas plaus\u00edveis \u00e9 que nenhum sistema de cren\u00e7a teve sua origem no v\u00e1cuo, decorrente de todo um processo desencadeado no transcurso da hist\u00f3ria.<br \/>\nA partir desta premissa, abordamos nesta disciplina o contexto hist\u00f3rico e filos\u00f3fico para situar os grandes pensadores do Cristianismo. Assim podemos dimensionar o n\u00edvel do pensamento filos\u00f3fico secular e sua posi\u00e7\u00e3o na Filosofia Crist\u00e3. Tamb\u00e9m, busca tornar-se um elemento introdut\u00f3rio, de forma a despertar no estudante o desejo de fazer uma intera\u00e7\u00e3o entre a filosofia e a teologia.<\/p>\n","protected":false},"excerpt":{"rendered":"<p style=\"text-align: justify;\">Qual a import\u00e2ncia da Filosofia Crist\u00e3 para o estudante da B\u00edblia? Uma das respostas plaus\u00edveis \u00e9 que nenhum sistema de cren\u00e7a teve sua origem no v\u00e1cuo, decorrente de todo um processo desencadeado no transcurso da hist\u00f3ria.<\/p>\n","protected":false},"featured_media":1629,"comment_status":"closed","ping_status":"closed","template":"","meta":[],"product_cat":[81],"product_tag":[],"_links":{"self":[{"href":"https:\/\/ibicamp.com\/index.php?rest_route=\/wp\/v2\/product\/1435"}],"collection":[{"href":"https:\/\/ibicamp.com\/index.php?rest_route=\/wp\/v2\/product"}],"about":[{"href":"https:\/\/ibicamp.com\/index.php?rest_route=\/wp\/v2\/types\/product"}],"replies":[{"embeddable":true,"href":"https:\/\/ibicamp.com\/index.php?rest_route=%2Fwp%2Fv2%2Fcomments&post=1435"}],"version-history":[{"count":0,"href":"https:\/\/ibicamp.com\/index.php?rest_route=\/wp\/v2\/product\/1435\/revisions"}],"wp:featuredmedia":[{"embeddable":true,"href":"https:\/\/ibicamp.com\/index.php?rest_route=\/wp\/v2\/media\/1629"}],"wp:attachment":[{"href":"https:\/\/ibicamp.com\/index.php?rest_route=%2Fwp%2Fv2%2Fmedia&parent=1435"}],"wp:term":[{"taxonomy":"product_cat","embeddable":true,"href":"https:\/\/ibicamp.com\/index.php?rest_route=%2Fwp%2Fv2%2Fproduct_cat&post=1435"},{"taxonomy":"product_tag","embeddable":true,"href":"https:\/\/ibicamp.com\/index.php?rest_route=%2Fwp%2Fv2%2Fproduct_tag&post=1435"}],"curies":[{"name":"wp","href":"https:\/\/api.w.org\/{rel}","templated":true}]}}